{"id":133,"date":"2024-08-02T00:14:53","date_gmt":"2024-08-01T22:14:53","guid":{"rendered":"https:\/\/instaenergia.com\/?page_id=133"},"modified":"2024-08-03T01:26:06","modified_gmt":"2024-08-02T23:26:06","slug":"calcula-el-presupuesto-para-tu-instalacion-electrica","status":"publish","type":"page","link":"https:\/\/instaenergia.com\/index.php\/calcula-el-presupuesto-para-tu-instalacion-electrica\/","title":{"rendered":"Calcula el presupuesto para tu instalaci\u00f3n el\u00e9ctrica"},"content":{"rendered":"\n<blockquote class=\"wp-block-quote is-layout-flow wp-block-quote-is-layout-flow\">\n<p>Este es un calculador r\u00e1pido de presupuesto real, sin trucos, sin condiciones. <strong>Nada de pedirte tus datos<\/strong>, ni llenar tu bandeja de entrada de publicidad, <strong>si est\u00e1s interesado ser\u00e1s tu quien contactes con nosotros<\/strong>.<\/p>\n<\/blockquote>\n\n\n\n<p>Si solo necesitas una <strong>peque\u00f1a reparaci\u00f3n<\/strong> o intervenci\u00f3n, entonces <strong><a href=\"https:\/\/instaenergia.com\/index.php\/tarifas\/\">consulta nuestras tarifas<\/a><\/strong> por horas.<\/p>\n\n\n\n<figure class=\"wp-block-image size-large\"><img decoding=\"async\" width=\"1024\" height=\"508\" data-src=\"https:\/\/instaenergia.com\/wp-content\/uploads\/2024\/08\/calcular-1024x508.jpg\" alt=\"calcular presupuesto\" class=\"wp-image-243 lazyload\" data-srcset=\"https:\/\/instaenergia.com\/wp-content\/uploads\/2024\/08\/calcular-1024x508.jpg 1024w, https:\/\/instaenergia.com\/wp-content\/uploads\/2024\/08\/calcular-300x149.jpg 300w, https:\/\/instaenergia.com\/wp-content\/uploads\/2024\/08\/calcular-768x381.jpg 768w, https:\/\/instaenergia.com\/wp-content\/uploads\/2024\/08\/calcular-1536x761.jpg 1536w, https:\/\/instaenergia.com\/wp-content\/uploads\/2024\/08\/calcular-2048x1015.jpg 2048w, https:\/\/instaenergia.com\/wp-content\/uploads\/2024\/08\/calcular-1140x565.jpg 1140w\" data-sizes=\"(max-width: 1024px) 100vw, 1024px\" src=\"data:image\/svg+xml;base64,PHN2ZyB3aWR0aD0iMSIgaGVpZ2h0PSIxIiB4bWxucz0iaHR0cDovL3d3dy53My5vcmcvMjAwMC9zdmciPjwvc3ZnPg==\" style=\"--smush-placeholder-width: 1024px; --smush-placeholder-aspect-ratio: 1024\/508;\" \/><\/figure>\n\n\n\n<h2 class=\"wp-block-heading\">\u00bfQu\u00e9 incluye el presupuesto r\u00e1pido por cada estancia?<\/h2>\n\n\n\n<p>Las estancias se dise\u00f1an con un \u00fanico punto de alumbrado (iluminaci\u00f3n) y adem\u00e1s:<\/p>\n\n\n\n<ul class=\"wp-block-list\">\n<li>Sal\u00f3n: incluye 2 interruptores conmutados, 3 enchufes y 1 toma de TV<\/li>\n\n\n\n<li>Cocina: incluye 1 interruptor, 8 enchufes y 1 enchufe para horno (25A).<\/li>\n\n\n\n<li>Ba\u00f1o: incluye 1 interruptor y 1 enchufe<\/li>\n\n\n\n<li>Pasillo: incluye 1 punto de alumbrado adicional, 2 interruptores conmutados y 1 enchufe<\/li>\n\n\n\n<li>Dormitorio: incluye 2 interruptores conmutados y 3 enchufe<\/li>\n<\/ul>\n\n\n\n<p><strong>Si quieres un presupuesto que refleje a la perfecci\u00f3n tu hogar, puedes indicarnos cuantos mecanismos (interruptores, enchufes&#8230;) quieres en cada tipo de habitaci\u00f3n en nuestra <a href=\"https:\/\/instaenergia.com\/index.php\/calculador-avanzado-de-presupuesto\/\">herramienta de presupuesto avanzada<\/a>.<\/strong><\/p>\n\n\n\n<form name=\"solicitudpresupuesto\" method=\"post\" action=\"https:\/\/instaenergia.com\/index.php\/tu-presupuesto\/\">\n<p> <b>C\u00c1LCULO DEL PRESUPUESTO PARA TU INSTALACI\u00d3N EL\u00c9CTRICA<\/b> <\/p>\n<p> <b>CARACTER\u00cdSTICAS GENERALES<\/b> <\/p>\n<fieldset>\nComunidad aut\u00f3noma de instalaci\u00f3n: \n        <label>\n            <input type=\"radio\" name=\"comunidad\" value=\"1\" checked> Castilla y Le\u00f3n\n        <\/label>\n        <label>\n            <input type=\"radio\" name=\"comunidad\" value=\"2\"> Fuera de Castilla y Le\u00f3n\n        <\/label>\n<br \/>\nPotencia a contratar:\n        <label>\n            <input type=\"radio\" name=\"potencia\" value=\"1\" checked> Hasta 10Kw\n        <\/label>\n\t\t<label>\n            <input type=\"radio\" name=\"potencia\" value=\"3\"> Hasta 14,49Kw\n        <\/label>\n<br \/>\nTipo de instalaci\u00f3n:\n        <label>\n            <input type=\"radio\" name=\"tipo\" value=\"1\" checked> Nueva instalacion (cuadro nuevo y bolet\u00edn)\n        <\/label>\n        <label>\n            <input type=\"radio\" name=\"tipo\" value=\"2\"> Renovaci\u00f3n (sin cuadro ni boletin)\n        <\/label>\n\n<br \/>\n\u00bfLa vivienda tiene m\u00e1s de 160m2?:\n        <label>\n            <input type=\"radio\" name=\"grande\" value=\"1\"> Si\n        <\/label>\n        <label>\n            <input type=\"radio\" name=\"grande\" value=\"2\" checked> No\n        <\/label>\n<br \/>\n\u00bfSe prevee cargador de coche el\u00e9ctrico?:\n        <label>\n            <input type=\"radio\" name=\"coche\" value=\"1\"> Si\n        <\/label>\n        <label>\n            <input type=\"radio\" name=\"coche\" value=\"2\" checked> No\n        <\/label>\n<br \/>\n\u00bfSe prevee calefacci\u00f3n el\u00e9ctrica?:\n        <label>\n            <input type=\"radio\" name=\"calefactar\" value=\"1\"> Si\n        <\/label>\n        <label>\n            <input type=\"radio\" name=\"calefactar\" value=\"2\" checked> No\n        <\/label>\n<br \/>\n\u00bfSe prevee aire acondicionado?:\n        <label>\n            <input type=\"radio\" name=\"aire\" value=\"1\"> Si\n        <\/label>\n        <label>\n            <input type=\"radio\" name=\"aire\" value=\"2\" checked> No\n        <\/label>\n<br \/>\n<\/fieldset>\n<br \/><br \/>\n<p> <b>ESTANCIAS<\/b> <\/p>\n<fieldset>\nCantidad de salones:\n<select name=\"salon\">\n<option value=\"0\">Ninguno<\/option>\n<option value=\"1\" selected>1<\/option>\n<option value=\"2\">2<\/option>\n<option value=\"3\">3<\/option>\n<\/select>\n<br \/>\nCantidad de cocinas: \n<select name=\"cocina\">\n<option value=\"0\">Ninguno<\/option>\n<option value=\"1\" selected>1<\/option>\n<option value=\"2\">2<\/option>\n<\/select>\n<br \/>\nCantidad de ba\u00f1os: \n<select name=\"bano\">\n<option value=\"0\">Ninguno<\/option>\n<option value=\"1\" selected>1<\/option>\n<option value=\"2\">2<\/option>\n<option value=\"3\">3<\/option>\n<option value=\"4\">4<\/option>\n<option value=\"5\">5<\/option>\n<option value=\"6\">6<\/option>\n<option value=\"7\">7<\/option>\n<\/select>\n<br \/>\nCantidad de pasillos:\n<select name=\"pasillo\">\n<option value=\"0\">Ninguno<\/option>\n<option value=\"1\">1<\/option>\n<option value=\"2\">2<\/option>\n<option value=\"3\">3<\/option>\n<option value=\"4\">4<\/option>\n<\/select>\n<br \/>\nCantidad de dormitorios: \n<select name=\"dormitorio\">\n<option value=\"0\">Ninguno<\/option>\n<option value=\"1\" selected>1<\/option>\n<option value=\"2\">2<\/option>\n<option value=\"3\">3<\/option>\n<option value=\"4\">4<\/option>\n<option value=\"5\">5<\/option>\n<option value=\"6\">6<\/option>\n<option value=\"7\">7<\/option>\n<\/select>\n<\/fieldset>\n<br \/><br \/>\n<input value=\"Calcular presupuesto\" type=\"submit\" \/>\n<\/form>\n\n\n\n<p><\/p>\n\n\n\n<p><\/p>\n","protected":false},"excerpt":{"rendered":"<p>Este es un calculador r\u00e1pido de presupuesto real, sin trucos, sin condiciones. Nada de pedirte tus datos, ni llenar tu bandeja de entrada de publicidad, si est\u00e1s interesado ser\u00e1s tu<span class=\"more-dots\">&#8230;<\/span><\/p>\n","protected":false},"author":1,"featured_media":242,"parent":0,"menu_order":0,"comment_status":"closed","ping_status":"closed","template":"","meta":{"footnotes":""},"class_list":["post-133","page","type-page","status-publish","has-post-thumbnail","hentry"],"yoast_head":"<!-- This site is optimized with the Yoast SEO plugin v27.5 - https:\/\/yoast.com\/product\/yoast-seo-wordpress\/ -->\n<title>Calcula el presupuesto para tu instalaci\u00f3n el\u00e9ctrica - Insta Energ\u00eda<\/title>\n<meta name=\"description\" content=\"Calcula tu presupuesto sin necesidad de dar tus datos, de forma inmediata.\" \/>\n<meta name=\"robots\" content=\"index, nofollow, max-snippet:-1, max-image-preview:large, max-video-preview:-1\" \/>\n<link rel=\"canonical\" href=\"https:\/\/instaenergia.com\/index.php\/calcula-el-presupuesto-para-tu-instalacion-electrica\/\" \/>\n<meta property=\"og:locale\" content=\"es_ES\" \/>\n<meta property=\"og:type\" content=\"article\" \/>\n<meta property=\"og:title\" content=\"Calcula el presupuesto para tu instalaci\u00f3n el\u00e9ctrica - Insta Energ\u00eda\" \/>\n<meta property=\"og:description\" content=\"Calcula tu presupuesto sin necesidad de dar tus datos, de forma inmediata.\" \/>\n<meta property=\"og:url\" content=\"https:\/\/instaenergia.com\/index.php\/calcula-el-presupuesto-para-tu-instalacion-electrica\/\" \/>\n<meta property=\"og:site_name\" content=\"Insta Energ\u00eda\" \/>\n<meta property=\"article:modified_time\" content=\"2024-08-02T23:26:06+00:00\" \/>\n<meta property=\"og:image\" content=\"https:\/\/instaenergia.com\/wp-content\/uploads\/2024\/08\/presupuesto.jpg\" \/>\n\t<meta property=\"og:image:width\" content=\"1680\" \/>\n\t<meta property=\"og:image:height\" content=\"655\" \/>\n\t<meta property=\"og:image:type\" content=\"image\/jpeg\" \/>\n<meta name=\"twitter:card\" content=\"summary_large_image\" \/>\n<meta name=\"twitter:label1\" content=\"Tiempo de lectura\" \/>\n\t<meta name=\"twitter:data1\" content=\"2 minutos\" \/>\n<script type=\"application\/ld+json\" class=\"yoast-schema-graph\">{\"@context\":\"https:\\\/\\\/schema.org\",\"@graph\":[{\"@type\":\"WebPage\",\"@id\":\"https:\\\/\\\/instaenergia.com\\\/index.php\\\/calcula-el-presupuesto-para-tu-instalacion-electrica\\\/\",\"url\":\"https:\\\/\\\/instaenergia.com\\\/index.php\\\/calcula-el-presupuesto-para-tu-instalacion-electrica\\\/\",\"name\":\"Calcula el presupuesto para tu instalaci\u00f3n el\u00e9ctrica - Insta Energ\u00eda\",\"isPartOf\":{\"@id\":\"https:\\\/\\\/instaenergia.com\\\/#website\"},\"primaryImageOfPage\":{\"@id\":\"https:\\\/\\\/instaenergia.com\\\/index.php\\\/calcula-el-presupuesto-para-tu-instalacion-electrica\\\/#primaryimage\"},\"image\":{\"@id\":\"https:\\\/\\\/instaenergia.com\\\/index.php\\\/calcula-el-presupuesto-para-tu-instalacion-electrica\\\/#primaryimage\"},\"thumbnailUrl\":\"https:\\\/\\\/instaenergia.com\\\/wp-content\\\/uploads\\\/2024\\\/08\\\/presupuesto.jpg\",\"datePublished\":\"2024-08-01T22:14:53+00:00\",\"dateModified\":\"2024-08-02T23:26:06+00:00\",\"description\":\"Calcula tu presupuesto sin necesidad de dar tus datos, de forma inmediata.\",\"breadcrumb\":{\"@id\":\"https:\\\/\\\/instaenergia.com\\\/index.php\\\/calcula-el-presupuesto-para-tu-instalacion-electrica\\\/#breadcrumb\"},\"inLanguage\":\"es\",\"potentialAction\":[{\"@type\":\"ReadAction\",\"target\":[\"https:\\\/\\\/instaenergia.com\\\/index.php\\\/calcula-el-presupuesto-para-tu-instalacion-electrica\\\/\"]}]},{\"@type\":\"ImageObject\",\"inLanguage\":\"es\",\"@id\":\"https:\\\/\\\/instaenergia.com\\\/index.php\\\/calcula-el-presupuesto-para-tu-instalacion-electrica\\\/#primaryimage\",\"url\":\"https:\\\/\\\/instaenergia.com\\\/wp-content\\\/uploads\\\/2024\\\/08\\\/presupuesto.jpg\",\"contentUrl\":\"https:\\\/\\\/instaenergia.com\\\/wp-content\\\/uploads\\\/2024\\\/08\\\/presupuesto.jpg\",\"width\":1680,\"height\":655},{\"@type\":\"BreadcrumbList\",\"@id\":\"https:\\\/\\\/instaenergia.com\\\/index.php\\\/calcula-el-presupuesto-para-tu-instalacion-electrica\\\/#breadcrumb\",\"itemListElement\":[{\"@type\":\"ListItem\",\"position\":1,\"name\":\"Portada\",\"item\":\"https:\\\/\\\/instaenergia.com\\\/\"},{\"@type\":\"ListItem\",\"position\":2,\"name\":\"Calcula el presupuesto para tu instalaci\u00f3n el\u00e9ctrica\"}]},{\"@type\":\"WebSite\",\"@id\":\"https:\\\/\\\/instaenergia.com\\\/#website\",\"url\":\"https:\\\/\\\/instaenergia.com\\\/\",\"name\":\"Insta Energ\u00eda\",\"description\":\"Instalaciones el\u00e9ctricas\",\"publisher\":{\"@id\":\"https:\\\/\\\/instaenergia.com\\\/#organization\"},\"potentialAction\":[{\"@type\":\"SearchAction\",\"target\":{\"@type\":\"EntryPoint\",\"urlTemplate\":\"https:\\\/\\\/instaenergia.com\\\/?s={search_term_string}\"},\"query-input\":{\"@type\":\"PropertyValueSpecification\",\"valueRequired\":true,\"valueName\":\"search_term_string\"}}],\"inLanguage\":\"es\"},{\"@type\":\"Organization\",\"@id\":\"https:\\\/\\\/instaenergia.com\\\/#organization\",\"name\":\"Insta Energ\u00eda\",\"url\":\"https:\\\/\\\/instaenergia.com\\\/\",\"logo\":{\"@type\":\"ImageObject\",\"inLanguage\":\"es\",\"@id\":\"https:\\\/\\\/instaenergia.com\\\/#\\\/schema\\\/logo\\\/image\\\/\",\"url\":\"https:\\\/\\\/instaenergia.com\\\/wp-content\\\/uploads\\\/2024\\\/08\\\/fulllogo_nobuffer.png\",\"contentUrl\":\"https:\\\/\\\/instaenergia.com\\\/wp-content\\\/uploads\\\/2024\\\/08\\\/fulllogo_nobuffer.png\",\"width\":1280,\"height\":577,\"caption\":\"Insta Energ\u00eda\"},\"image\":{\"@id\":\"https:\\\/\\\/instaenergia.com\\\/#\\\/schema\\\/logo\\\/image\\\/\"}}]}<\/script>\n<!-- \/ Yoast SEO plugin. -->","yoast_head_json":{"title":"Calcula el presupuesto para tu instalaci\u00f3n el\u00e9ctrica - Insta Energ\u00eda","description":"Calcula tu presupuesto sin necesidad de dar tus datos, de forma inmediata.","robots":{"index":"index","follow":"nofollow","max-snippet":"max-snippet:-1","max-image-preview":"max-image-preview:large","max-video-preview":"max-video-preview:-1"},"canonical":"https:\/\/instaenergia.com\/index.php\/calcula-el-presupuesto-para-tu-instalacion-electrica\/","og_locale":"es_ES","og_type":"article","og_title":"Calcula el presupuesto para tu instalaci\u00f3n el\u00e9ctrica - Insta Energ\u00eda","og_description":"Calcula tu presupuesto sin necesidad de dar tus datos, de forma inmediata.","og_url":"https:\/\/instaenergia.com\/index.php\/calcula-el-presupuesto-para-tu-instalacion-electrica\/","og_site_name":"Insta Energ\u00eda","article_modified_time":"2024-08-02T23:26:06+00:00","og_image":[{"width":1680,"height":655,"url":"https:\/\/instaenergia.com\/wp-content\/uploads\/2024\/08\/presupuesto.jpg","type":"image\/jpeg"}],"twitter_card":"summary_large_image","twitter_misc":{"Tiempo de lectura":"2 minutos"},"schema":{"@context":"https:\/\/schema.org","@graph":[{"@type":"WebPage","@id":"https:\/\/instaenergia.com\/index.php\/calcula-el-presupuesto-para-tu-instalacion-electrica\/","url":"https:\/\/instaenergia.com\/index.php\/calcula-el-presupuesto-para-tu-instalacion-electrica\/","name":"Calcula el presupuesto para tu instalaci\u00f3n el\u00e9ctrica - Insta Energ\u00eda","isPartOf":{"@id":"https:\/\/instaenergia.com\/#website"},"primaryImageOfPage":{"@id":"https:\/\/instaenergia.com\/index.php\/calcula-el-presupuesto-para-tu-instalacion-electrica\/#primaryimage"},"image":{"@id":"https:\/\/instaenergia.com\/index.php\/calcula-el-presupuesto-para-tu-instalacion-electrica\/#primaryimage"},"thumbnailUrl":"https:\/\/instaenergia.com\/wp-content\/uploads\/2024\/08\/presupuesto.jpg","datePublished":"2024-08-01T22:14:53+00:00","dateModified":"2024-08-02T23:26:06+00:00","description":"Calcula tu presupuesto sin necesidad de dar tus datos, de forma inmediata.","breadcrumb":{"@id":"https:\/\/instaenergia.com\/index.php\/calcula-el-presupuesto-para-tu-instalacion-electrica\/#breadcrumb"},"inLanguage":"es","potentialAction":[{"@type":"ReadAction","target":["https:\/\/instaenergia.com\/index.php\/calcula-el-presupuesto-para-tu-instalacion-electrica\/"]}]},{"@type":"ImageObject","inLanguage":"es","@id":"https:\/\/instaenergia.com\/index.php\/calcula-el-presupuesto-para-tu-instalacion-electrica\/#primaryimage","url":"https:\/\/instaenergia.com\/wp-content\/uploads\/2024\/08\/presupuesto.jpg","contentUrl":"https:\/\/instaenergia.com\/wp-content\/uploads\/2024\/08\/presupuesto.jpg","width":1680,"height":655},{"@type":"BreadcrumbList","@id":"https:\/\/instaenergia.com\/index.php\/calcula-el-presupuesto-para-tu-instalacion-electrica\/#breadcrumb","itemListElement":[{"@type":"ListItem","position":1,"name":"Portada","item":"https:\/\/instaenergia.com\/"},{"@type":"ListItem","position":2,"name":"Calcula el presupuesto para tu instalaci\u00f3n el\u00e9ctrica"}]},{"@type":"WebSite","@id":"https:\/\/instaenergia.com\/#website","url":"https:\/\/instaenergia.com\/","name":"Insta Energ\u00eda","description":"Instalaciones el\u00e9ctricas","publisher":{"@id":"https:\/\/instaenergia.com\/#organization"},"potentialAction":[{"@type":"SearchAction","target":{"@type":"EntryPoint","urlTemplate":"https:\/\/instaenergia.com\/?s={search_term_string}"},"query-input":{"@type":"PropertyValueSpecification","valueRequired":true,"valueName":"search_term_string"}}],"inLanguage":"es"},{"@type":"Organization","@id":"https:\/\/instaenergia.com\/#organization","name":"Insta Energ\u00eda","url":"https:\/\/instaenergia.com\/","logo":{"@type":"ImageObject","inLanguage":"es","@id":"https:\/\/instaenergia.com\/#\/schema\/logo\/image\/","url":"https:\/\/instaenergia.com\/wp-content\/uploads\/2024\/08\/fulllogo_nobuffer.png","contentUrl":"https:\/\/instaenergia.com\/wp-content\/uploads\/2024\/08\/fulllogo_nobuffer.png","width":1280,"height":577,"caption":"Insta Energ\u00eda"},"image":{"@id":"https:\/\/instaenergia.com\/#\/schema\/logo\/image\/"}}]}},"_links":{"self":[{"href":"https:\/\/instaenergia.com\/index.php\/wp-json\/wp\/v2\/pages\/133","targetHints":{"allow":["GET"]}}],"collection":[{"href":"https:\/\/instaenergia.com\/index.php\/wp-json\/wp\/v2\/pages"}],"about":[{"href":"https:\/\/instaenergia.com\/index.php\/wp-json\/wp\/v2\/types\/page"}],"author":[{"embeddable":true,"href":"https:\/\/instaenergia.com\/index.php\/wp-json\/wp\/v2\/users\/1"}],"replies":[{"embeddable":true,"href":"https:\/\/instaenergia.com\/index.php\/wp-json\/wp\/v2\/comments?post=133"}],"version-history":[{"count":26,"href":"https:\/\/instaenergia.com\/index.php\/wp-json\/wp\/v2\/pages\/133\/revisions"}],"predecessor-version":[{"id":245,"href":"https:\/\/instaenergia.com\/index.php\/wp-json\/wp\/v2\/pages\/133\/revisions\/245"}],"wp:featuredmedia":[{"embeddable":true,"href":"https:\/\/instaenergia.com\/index.php\/wp-json\/wp\/v2\/media\/242"}],"wp:attachment":[{"href":"https:\/\/instaenergia.com\/index.php\/wp-json\/wp\/v2\/media?parent=133"}],"curies":[{"name":"wp","href":"https:\/\/api.w.org\/{rel}","templated":true}]}}